{"id":373,"date":"2025-10-31T16:13:30","date_gmt":"2025-10-31T15:13:30","guid":{"rendered":"https:\/\/propeller-saintmalo.fr\/?page_id=373"},"modified":"2026-03-04T14:36:37","modified_gmt":"2026-03-04T13:36:37","slug":"qui-sommes-nous","status":"publish","type":"page","link":"https:\/\/propeller-saintmalo.fr\/index.php\/qui-sommes-nous\/","title":{"rendered":"Qui sommes-nous ?"},"content":{"rendered":"\n<p class=\"has-contrast-background-color has-background\" style=\"border-width:1px\">Le Propeller Club de Saint-Malo est une association loi 1901 \u00e0 but non lucratif qui a \u00e9t\u00e9 cr\u00e9\u00e9e en 1988. Il est membre du Propeller Club International sous le num\u00e9ro de Port 192 et a pour objectifs sur Saint-Malo de :<br><br>-&gt; Promouvoir et soutenir la Marine Marchande, les activit\u00e9s portuaires, les chantiers navals, la P\u00eache, la Plaisance et tous les secteurs secondaires et tertiaires, directement ou indirectement li\u00e9s \u00e0 la mer.<br><br>-&gt; Promouvoir et d\u00e9velopper l\u2019esprit d\u2019amiti\u00e9 dans la recherche d\u2019objectifs communs entre tous les membres engag\u00e9s professionnellement dans les activit\u00e9s indiqu\u00e9es ci dessus.<br><br>-&gt; Encourager le d\u00e9veloppement du commerce international et soutenir les innovations li\u00e9es \u00e0 la mer.<br><br><br>Les membres du Propeller Club de Saint-Malo se r\u00e9unissent en soir\u00e9e chaque premier mardi du mois pour connaitre les nouvelles de l&rsquo;activit\u00e9 du club et \u00e9changer sur les actions en cours. Une conf\u00e9rence y est syst\u00e9matiquement pr\u00e9vue et la soir\u00e9e se termine par un d\u00eener avec nos conjoints et invit\u00e9s.<\/p>\n\n\n\n<figure class=\"wp-block-image size-full\"><img loading=\"lazy\" decoding=\"async\" width=\"1024\" height=\"294\" src=\"https:\/\/propeller-saintmalo.fr\/wp-content\/uploads\/2026\/03\/image004.jpg\" alt=\"\" class=\"wp-image-560\" srcset=\"https:\/\/propeller-saintmalo.fr\/wp-content\/uploads\/2026\/03\/image004.jpg 1024w, https:\/\/propeller-saintmalo.fr\/wp-content\/uploads\/2026\/03\/image004-300x86.jpg 300w, https:\/\/propeller-saintmalo.fr\/wp-content\/uploads\/2026\/03\/image004-768x221.jpg 768w\" sizes=\"auto, (max-width: 1024px) 100vw, 1024px\" \/><\/figure>\n\n\n\n<p class=\"has-contrast-background-color has-background\" style=\"border-width:1px\"><strong>Le mot du pr\u00e9sident international :<\/strong><br><br>It is a great honor to welcome you to <a href=\"https:\/\/propellerclub.us\/\" data-type=\"link\" data-id=\"https:\/\/propellerclub.us\/\" target=\"_blank\" rel=\"noreferrer noopener\">the International Propeller Club,<\/a> the world\u2019s largest and most historic maritime networking organization.<br><br>For nearly a century, our mission has remained constant: to advocate for and support the shipping industry.<br><br>Today, our network spans nearly 70 Ports in the United States and around the world, bringing together individuals from across the maritime sector with a shared purpose \u2014 to advance global merchant shipping and to strengthen cooperation between nations.<br><br>As we approach our 100th anniversary in 2027, the International Propeller Club continues to evolve \u2014 honoring its American roots while embracing its expanding international character. We remain committed to giving greater voice to our members, fostering closer communication, and inspiring the next generation of maritime leaders through our Student Ports and educational initiatives.<br><br>If you share our passion for the maritime world and believe in the power of partnership, I invite you to join us and become part of a global community that celebrates service, fellowship, and the spirit of the sea.<br><br>Sincerely yours,<br><br>Costis J. Frangoulis<br>International President<\/p>\n","protected":false},"excerpt":{"rendered":"<p>Le Propeller Club de Saint-Malo est une association loi 1901 \u00e0 but non lucratif qui a \u00e9t\u00e9 cr\u00e9\u00e9e en 1988. Il est membre du Propeller Club International sous le num\u00e9ro de Port 192 et a pour objectifs sur Saint-Malo de : -&gt; Promouvoir et soutenir la Marine Marchande, les activit\u00e9s portuaires, les chantiers navals, la [&hellip;]<\/p>\n","protected":false},"author":1,"featured_media":0,"parent":0,"menu_order":0,"comment_status":"closed","ping_status":"closed","template":"","meta":{"footnotes":""},"class_list":["post-373","page","type-page","status-publish","hentry"],"_links":{"self":[{"href":"https:\/\/propeller-saintmalo.fr\/index.php\/wp-json\/wp\/v2\/pages\/373","targetHints":{"allow":["GET"]}}],"collection":[{"href":"https:\/\/propeller-saintmalo.fr\/index.php\/wp-json\/wp\/v2\/pages"}],"about":[{"href":"https:\/\/propeller-saintmalo.fr\/index.php\/wp-json\/wp\/v2\/types\/page"}],"author":[{"embeddable":true,"href":"https:\/\/propeller-saintmalo.fr\/index.php\/wp-json\/wp\/v2\/users\/1"}],"replies":[{"embeddable":true,"href":"https:\/\/propeller-saintmalo.fr\/index.php\/wp-json\/wp\/v2\/comments?post=373"}],"version-history":[{"count":21,"href":"https:\/\/propeller-saintmalo.fr\/index.php\/wp-json\/wp\/v2\/pages\/373\/revisions"}],"predecessor-version":[{"id":562,"href":"https:\/\/propeller-saintmalo.fr\/index.php\/wp-json\/wp\/v2\/pages\/373\/revisions\/562"}],"wp:attachment":[{"href":"https:\/\/propeller-saintmalo.fr\/index.php\/wp-json\/wp\/v2\/media?parent=373"}],"curies":[{"name":"wp","href":"https:\/\/api.w.org\/{rel}","templated":true}]}}